s 4477234981 a prime number?
True
Is 50433117691 a composite number?
True
Is 1558453879 a composite number?
True
Is 255926929 composite?
False
Is 1964238539 prime?
False
Is 32526724749 a composite number?
True
Is 1042218593 a composite number?
True
Is 4287485067 a composite number?
True
Is 1004986527 composite?
True
Is 78031507 a composite number?
False
Is 85874609 a composite number?
False
Is 2999195897 a prime number?
False
Is 121328749657 a composite number?
False
Is 203486951 composite?
False
Is 3981616707 a prime number?
False
Is 2982087751 a prime number?
False
Is 1585029759 prime?
False
Is 131687230603 a prime number?
True
Is 2000280805 prime?
False
Is 114220217 a prime number?
True
Is 4905857351 a composite number?
True
Is 206528263 composite?
False
Is 2217501901 a prime number?
True
Is 6278862679 a prime number?
False
Is 34347209441 a prime number?
True
Is 29994229849 prime?
True
Is 1742048923 composite?
False
Is 2632274851 composite?
True
Is 259657409801 a prime number?
True
Is 6163653803 a prime number?
True
Is 438124417 composite?
True
Is 2142323681 prime?
True
Is 1725145247 a prime number?
False
Is 44461035427 a composite number?
True
Is 1624479827 prime?
False
Is 6909538093 prime?
True
Is 1438942877 composite?
False
Is 769629511 a prime number?
False
Is 368340809 prime?
False
Is 14789221143 a composite number?
True
Is 480017829 composite?
True
Is 825631397 composite?
True
Is 32569820263 a prime number?
True
Is 19762511 composite?
True
Is 71440561 a composite number?
False
Is 19020130769 a composite number?
False
Is 3707643967 a composite number?
True
Is 896694367 prime?
False
Is 885051865 composite?
True
Is 3652153139 prime?
False
Is 3151952701 a prime number?
True
Is 63410017249 composite?
False
Is 10573173217 a prime number?
False
Is 8822433947 a prime number?
True
Is 855484987 a composite number?
True
Is 356514583 prime?
True
Is 472516939 prime?
False
Is 20888521 prime?
True
Is 3490339549 a prime number?
False
Is 831925667309 a composite number?
True
Is 303164257 a composite number?
True
Is 3006107641 a composite number?
False
Is 3924765853 a prime number?
False
Is 320575643 composite?
True
Is 4857040069 composite?
True
Is 29890918027 prime?
True
Is 135226466491 composite?
False
Is 111207743 a composite number?
True
Is 6371655847 prime?
False
Is 76324769 prime?
False
Is 9180418759 a prime number?
True
Is 689602021 a composite number?
False
Is 12342694301 a composite number?
True
Is 1801390537 prime?
False
Is 95850690707 composite?
True
Is 7245199499 composite?
False
Is 112919381 a prime number?
True
Is 760670395 a composite number?
True
Is 114139892473 prime?
False
Is 10083774251 prime?
False
Is 1919462873 a prime number?
True
Is 4660899887 composite?
True
Is 1896599417 prime?
True
Is 94841221 composite?
True
Is 850612207 a prime number?
False
Is 13709850211 prime?
True
Is 63815355767 a prime number?
True
Is 279272711 prime?
True
Is 64491461 a prime number?
True
Is 74559003037 a prime number?
True
Is 451718503 a prime number?
True
Is 7747215793 a prime number?
True
Is 2513355451 composite?
False
Is 1168565197 a prime number?
True
Is 11071688357 composite?
True
Is 510768977 a composite number?
False
Is 80207289133 a prime number?
True
Is 9394077589 a prime number?
False
Is 4533532393 a prime number?
False
Is 18998676035 prime?
False
Is 462477853 a composite number?
True
Is 23428959595 a composite number?
True
Is 8057430967 composite?
False
Is 1810352183 prime?
True
Is 40863071 composite?
True
Is 2447590879 a composite number?
False
Is 50574047 composite?
True
Is 1272720931 composite?
True
Is 162632927011 prime?
True
Is 65157338 composite?
True
Is 29702888107 composite?
False
Is 7459422653 a prime number?
True
Is 4991387131 a composite number?
False
Is 2512995533 prime?
False
Is 4957610377 composite?
False
Is 449055421 composite?
True
Is 1722416491 prime?
False
Is 66867792883 a prime number?
True
Is 8434877609 a composite number?
False
Is 3690082153 a prime number?
True
Is 65358817223 a prime number?
False
Is 20161641905 a composite number?
True
Is 3965615201 composite?
True
Is 493435853 a composite number?
True
Is 185760221 composite?
True
Is 69156849353 a composite number?
False
Is 37800320147 a composite number?
False
Is 2601923773 composite?
True
Is 33783310331 prime?
True
Is 261127669057 composite?
True
Is 95369363 composite?
False
Is 25662997907 a prime number?
True
Is 3012358513 prime?
True
Is 73460983 a prime number?
True
Is 1044407579 a composite number?
True
Is 1333638091 composite?
True
Is 101229194767 prime?
True
Is 62476881317 a prime number?
True
Is 9583564933 prime?
False
Is 4949087239 a prime number?
True
Is 253451987 a composite number?
True
Is 9288920561 a prime number?
True
Is 673495765 a composite number?
True
Is 6891595457 prime?
True
Is 399155893 a prime number?
False
Is 2471960053 prime?
True
Is 3268576911 a composite number?
True
Is 10426579829 prime?
True
Is 8509964641 a prime number?
False
Is 93244559887 composite?
True
Is 33527004889 a prime number?
False
Is 19064853871 prime?
False
Is 184072129 a composite number?
False
Is 149199078959 prime?
False
Is 25059605593 a composite number?
True
Is 524655413 composite?
True
Is 46443538567 a prime number?
True
Is 409206019 a prime number?
False
Is 3303066787 prime?
False
Is 7536226067 a prime number?
True
Is 111674931 prime?
False
Is 6785387 a composite number?
True
Is 2571816409 prime?
True
Is 12481872941 a composite number?
True
Is 1248661523 a composite number?
True
Is 32960656889 a prime number?
True
Is 28634882227 prime?
False
Is 332335995239 a composite number?
False
Is 17532575903 composite?
False
Is 177782593 prime?
True
Is 23883837277 composite?
True
Is 3949714871 a composite number?
False
Is 64601700103 composite?
True
Is 23715171113 prime?
True
Is 5292780931 a prime number?
True
Is 51108174113 a prime number?
True
Is 2605040959 a composite number?
False
Is 348589123 a composite number?
False
Is 5014786961 a prime number?
True
Is 112695161063 a composite number?
False
Is 945061961 prime?
True
Is 11778728217 composite?
True
Is 237495523 prime?
True
Is 453913121 a prime number?
True
Is 41813775301 a prime number?
True
Is 3241884553 a prime number?
False
Is 47439979773 a composite number?
True
Is 186773816387 a composite number?
False
Is 138980662 a composite number?
True
Is 2433682957 prime?
False
Is 272106673 composite?
True
Is 7166057 a composite number?
False
Is 778727023 a composite number?
False
Is 18548128505 composite?
True
Is 13172429927 prime?
True
Is 480931877 a prime number?
False
Is 24122360021 prime?
False
Is 4329699809 prime?
True
Is 2306097019 a composite number?
True
Is 31997746549 a prime number?
False
Is 70928160841 a composite number?
True
Is 913387207 a prime number?
True
Is 4717844171 prime?
True
Is 25105950553 composite?
True
Is 38305908467 a composite number?
False
Is 58038615491 a prime number?
True
Is 130820549 a prime number?
False
Is 75623894737 prime?
True
Is 32904041 prime?
True
Is 4368765157 prime?
True
Is 11452617179 a composite number?
True
Is 91117003 composite?
True
Is 20796114893 prime?
True
Is 3362936847 a prime number?
False
Is 30203895859 a prime number?
True
Is 87622423 a composite number?
True
Is 25175890477 a prime number?
True
Is 3077458333 prime?
False
Is 727576877 a composite number?
True
Is 11508154799 composite?
False
Is 43772386321 a prime number?
True
Is 242315587403 a prime number?
True
Is 4565363701 a composite number?
False
Is 29449914673 a composite number?
False
Is 527394617 a composite number?
True
Is 10176714337 composite?
False
Is 29025817997 a prime number?
False
Is 8849824433 composite?
False
Is 81685662985 composite?
True
Is 205473287 composite?
False
Is 5944645001 a prime number?
True
Is 9104775373 composite?
False
Is 229141543 prime?
True
Is 2594586679 composite?
False
Is 29241289177 prime?
False
Is 33418490398 prime?
False
Is 452618651 a composite number?
False
Is 13929293299 composite?
True
Is 2054179217 composite?
False
Is 74246687 a prime number?
False
Is 7855841397 a composite number?
True
Is 477358961 composite?
False
Is 89643439 composite?
True
Is 174118799 composite?
True
Is 40056511646 a composite number?
True
Is 603414857 prime?
True
Is 16192240507 composite?
True
Is 7814938949